{"id":64748,"date":"2025-05-02T14:20:42","date_gmt":"2025-05-02T12:20:42","guid":{"rendered":"https:\/\/blog.euncet.com\/?post_type=mec-events&#038;p=64748"},"modified":"2025-05-02T14:20:42","modified_gmt":"2025-05-02T12:20:42","slug":"curs-de-facebook-i-instagram-ads","status":"publish","type":"mec-events","link":"https:\/\/www.euncet.com\/blog\/ca\/events\/curs-de-facebook-i-instagram-ads\/","title":{"rendered":"Curs de Facebook i Instagram Ads"},"content":{"rendered":"<p>El Curs de Facebook i Instagram Ads d&#8217;Euncet Business School est\u00e0 dissenyat per equipar els professionals amb les habilitats i els coneixements necessaris per crear, gestionar i optimitzar campanyes publicit\u00e0ries en aquestes plataformes. A trav\u00e9s d&#8217;una formaci\u00f3 pr\u00e0ctica i actualitzada, els participants aprendran a utilitzar eines avan\u00e7ades com Meta Business Suite, comprenent en profunditat la segmentaci\u00f3 d&#8217;audi\u00e8ncies, la creaci\u00f3 de contingut atractiu i el mesurament efectiu del rendiment de les campanyes.<\/p>\n<p>Aquest programa s&#8217;enfoca a capacitar els estudiants per millorar les campanyes publicit\u00e0ries i aplicar les estrat\u00e8gies m\u00e9s eficients amb l&#8217;objectiu de maximitzar el retorn d&#8217;inversi\u00f3 i assolir els objectius de m\u00e0rqueting establerts. En acabar el curs, els participants estaran preparats per enfrontar els desafiaments del m\u00e0rqueting digital i aprofitar al m\u00e0xim les oportunitats que ofereixen Facebook i Instagram Ads.<\/p>\n","protected":false},"excerpt":{"rendered":"<p>El Curs de Facebook i Instagram Ads d&#8217;Euncet Business School est\u00e0 dissenyat per equipar els professionals amb les habilitats i els coneixements necessaris per crear, gestionar i optimitzar campanyes publicit\u00e0ries en aquestes plataformes. A trav\u00e9s d&#8217;una formaci\u00f3 pr\u00e0ctica i actualitzada, els participants aprendran a utilitzar eines avan\u00e7ades com Meta Business Suite, comprenent en profunditat la [&hellip;]<\/p>\n","protected":false},"author":28,"featured_media":0,"comment_status":"open","ping_status":"closed","template":"","tags":[],"mec_category":[],"class_list":["post-64748","mec-events","type-mec-events","status-publish","hentry"],"acf":[],"yoast_head":"<!-- This site is optimized with the Yoast SEO plugin v27.5 - https:\/\/yoast.com\/product\/yoast-seo-wordpress\/ -->\n<title>Curs de Facebook i Instagram Ads<\/title>\n<meta name=\"description\" content=\"El Curs de Facebook i Instagram Ads d&#039;Euncet Business School est\u00e0 dissenyat per equipar els professionals amb les habilitats i els coneixements necessaris per crear, gestionar i optimitzar campanyes publicit\u00e0ries en aquestes plataformes.\" \/>\n<meta name=\"robots\" content=\"noindex, follow\" \/>\n<meta property=\"og:locale\" content=\"ca_ES\" \/>\n<meta property=\"og:type\" content=\"article\" \/>\n<meta property=\"og:title\" content=\"Curs de Facebook i Instagram Ads\" \/>\n<meta property=\"og:description\" content=\"El Curs de Facebook i Instagram Ads d&#039;Euncet Business School est\u00e0 dissenyat per equipar els professionals amb les habilitats i els coneixements necessaris per crear, gestionar i optimitzar campanyes publicit\u00e0ries en aquestes plataformes.\" \/>\n<meta property=\"og:url\" content=\"https:\/\/www.euncet.com\/blog\/ca\/events\/curs-de-facebook-i-instagram-ads\/\" \/>\n<meta property=\"og:site_name\" content=\"Euncet Business School\" \/>\n<meta property=\"article:publisher\" content=\"https:\/\/www.facebook.com\/euncet\" \/>\n<meta name=\"twitter:card\" content=\"summary_large_image\" \/>\n<meta name=\"twitter:site\" content=\"@euncet\" \/>\n<meta name=\"twitter:label1\" content=\"Temps estimat de lectura\" \/>\n\t<meta name=\"twitter:data1\" content=\"1 minut\" \/>\n<script type=\"application\/ld+json\" class=\"yoast-schema-graph\">{\"@context\":\"https:\\\/\\\/schema.org\",\"@graph\":[{\"@type\":\"WebPage\",\"@id\":\"https:\\\/\\\/www.euncet.com\\\/blog\\\/ca\\\/events\\\/curs-de-facebook-i-instagram-ads\\\/\",\"url\":\"https:\\\/\\\/www.euncet.com\\\/blog\\\/ca\\\/events\\\/curs-de-facebook-i-instagram-ads\\\/\",\"name\":\"Curs de Facebook i Instagram Ads\",\"isPartOf\":{\"@id\":\"https:\\\/\\\/www.euncet.com\\\/blog\\\/ca\\\/#website\"},\"datePublished\":\"2025-05-02T12:20:42+00:00\",\"description\":\"El Curs de Facebook i Instagram Ads d'Euncet Business School est\u00e0 dissenyat per equipar els professionals amb les habilitats i els coneixements necessaris per crear, gestionar i optimitzar campanyes publicit\u00e0ries en aquestes plataformes.\",\"breadcrumb\":{\"@id\":\"https:\\\/\\\/www.euncet.com\\\/blog\\\/ca\\\/events\\\/curs-de-facebook-i-instagram-ads\\\/#breadcrumb\"},\"inLanguage\":\"ca\",\"potentialAction\":[{\"@type\":\"ReadAction\",\"target\":[\"https:\\\/\\\/www.euncet.com\\\/blog\\\/ca\\\/events\\\/curs-de-facebook-i-instagram-ads\\\/\"]}]},{\"@type\":\"BreadcrumbList\",\"@id\":\"https:\\\/\\\/www.euncet.com\\\/blog\\\/ca\\\/events\\\/curs-de-facebook-i-instagram-ads\\\/#breadcrumb\",\"itemListElement\":[{\"@type\":\"ListItem\",\"position\":1,\"name\":\"Portada\",\"item\":\"https:\\\/\\\/www.euncet.com\\\/blog\\\/ca\\\/\"},{\"@type\":\"ListItem\",\"position\":2,\"name\":\"Events\",\"item\":\"https:\\\/\\\/www.euncet.com\\\/blog\\\/ca\\\/events\\\/\"},{\"@type\":\"ListItem\",\"position\":3,\"name\":\"Curs de Facebook i Instagram Ads\"}]},{\"@type\":\"WebSite\",\"@id\":\"https:\\\/\\\/www.euncet.com\\\/blog\\\/ca\\\/#website\",\"url\":\"https:\\\/\\\/www.euncet.com\\\/blog\\\/ca\\\/\",\"name\":\"Euncet Business School\",\"description\":\"Escuela de negocios\",\"potentialAction\":[{\"@type\":\"SearchAction\",\"target\":{\"@type\":\"EntryPoint\",\"urlTemplate\":\"https:\\\/\\\/www.euncet.com\\\/blog\\\/ca\\\/?s={search_term_string}\"},\"query-input\":{\"@type\":\"PropertyValueSpecification\",\"valueRequired\":true,\"valueName\":\"search_term_string\"}}],\"inLanguage\":\"ca\"}]}<\/script>\n<!-- \/ Yoast SEO plugin. -->","yoast_head_json":{"title":"Curs de Facebook i Instagram Ads","description":"El Curs de Facebook i Instagram Ads d'Euncet Business School est\u00e0 dissenyat per equipar els professionals amb les habilitats i els coneixements necessaris per crear, gestionar i optimitzar campanyes publicit\u00e0ries en aquestes plataformes.","robots":{"index":"noindex","follow":"follow"},"og_locale":"ca_ES","og_type":"article","og_title":"Curs de Facebook i Instagram Ads","og_description":"El Curs de Facebook i Instagram Ads d'Euncet Business School est\u00e0 dissenyat per equipar els professionals amb les habilitats i els coneixements necessaris per crear, gestionar i optimitzar campanyes publicit\u00e0ries en aquestes plataformes.","og_url":"https:\/\/www.euncet.com\/blog\/ca\/events\/curs-de-facebook-i-instagram-ads\/","og_site_name":"Euncet Business School","article_publisher":"https:\/\/www.facebook.com\/euncet","twitter_card":"summary_large_image","twitter_site":"@euncet","twitter_misc":{"Temps estimat de lectura":"1 minut"},"schema":{"@context":"https:\/\/schema.org","@graph":[{"@type":"WebPage","@id":"https:\/\/www.euncet.com\/blog\/ca\/events\/curs-de-facebook-i-instagram-ads\/","url":"https:\/\/www.euncet.com\/blog\/ca\/events\/curs-de-facebook-i-instagram-ads\/","name":"Curs de Facebook i Instagram Ads","isPartOf":{"@id":"https:\/\/www.euncet.com\/blog\/ca\/#website"},"datePublished":"2025-05-02T12:20:42+00:00","description":"El Curs de Facebook i Instagram Ads d'Euncet Business School est\u00e0 dissenyat per equipar els professionals amb les habilitats i els coneixements necessaris per crear, gestionar i optimitzar campanyes publicit\u00e0ries en aquestes plataformes.","breadcrumb":{"@id":"https:\/\/www.euncet.com\/blog\/ca\/events\/curs-de-facebook-i-instagram-ads\/#breadcrumb"},"inLanguage":"ca","potentialAction":[{"@type":"ReadAction","target":["https:\/\/www.euncet.com\/blog\/ca\/events\/curs-de-facebook-i-instagram-ads\/"]}]},{"@type":"BreadcrumbList","@id":"https:\/\/www.euncet.com\/blog\/ca\/events\/curs-de-facebook-i-instagram-ads\/#breadcrumb","itemListElement":[{"@type":"ListItem","position":1,"name":"Portada","item":"https:\/\/www.euncet.com\/blog\/ca\/"},{"@type":"ListItem","position":2,"name":"Events","item":"https:\/\/www.euncet.com\/blog\/ca\/events\/"},{"@type":"ListItem","position":3,"name":"Curs de Facebook i Instagram Ads"}]},{"@type":"WebSite","@id":"https:\/\/www.euncet.com\/blog\/ca\/#website","url":"https:\/\/www.euncet.com\/blog\/ca\/","name":"Euncet Business School","description":"Escuela de negocios","potentialAction":[{"@type":"SearchAction","target":{"@type":"EntryPoint","urlTemplate":"https:\/\/www.euncet.com\/blog\/ca\/?s={search_term_string}"},"query-input":{"@type":"PropertyValueSpecification","valueRequired":true,"valueName":"search_term_string"}}],"inLanguage":"ca"}]}},"_links":{"self":[{"href":"https:\/\/www.euncet.com\/blog\/ca\/wp-json\/wp\/v2\/mec-events\/64748","targetHints":{"allow":["GET"]}}],"collection":[{"href":"https:\/\/www.euncet.com\/blog\/ca\/wp-json\/wp\/v2\/mec-events"}],"about":[{"href":"https:\/\/www.euncet.com\/blog\/ca\/wp-json\/wp\/v2\/types\/mec-events"}],"author":[{"embeddable":true,"href":"https:\/\/www.euncet.com\/blog\/ca\/wp-json\/wp\/v2\/users\/28"}],"replies":[{"embeddable":true,"href":"https:\/\/www.euncet.com\/blog\/ca\/wp-json\/wp\/v2\/comments?post=64748"}],"version-history":[{"count":0,"href":"https:\/\/www.euncet.com\/blog\/ca\/wp-json\/wp\/v2\/mec-events\/64748\/revisions"}],"wp:attachment":[{"href":"https:\/\/www.euncet.com\/blog\/ca\/wp-json\/wp\/v2\/media?parent=64748"}],"wp:term":[{"taxonomy":"post_tag","embeddable":true,"href":"https:\/\/www.euncet.com\/blog\/ca\/wp-json\/wp\/v2\/tags?post=64748"},{"taxonomy":"mec_category","embeddable":true,"href":"https:\/\/www.euncet.com\/blog\/ca\/wp-json\/wp\/v2\/mec_category?post=64748"}],"curies":[{"name":"wp","href":"https:\/\/api.w.org\/{rel}","templated":true}]}}

<p>El Curs de Facebook i Instagram Ads d&#8217;Euncet Business School està dissenyat per equipar els professionals amb les habilitats i els coneixements necessaris per crear, gestionar i optimitzar campanyes publicitàries en aquestes plataformes. A través d&#8217;una formació pràctica i actualitzada, els participants aprendran a utilitzar eines avançades com Meta Business Suite, comprenent en profunditat la segmentació d&#8217;audiències, la creació de contingut atractiu i el mesurament efectiu del rendiment de les campanyes.</p>
<p>Aquest programa s&#8217;enfoca a capacitar els estudiants per millorar les campanyes publicitàries i aplicar les estratègies més eficients amb l&#8217;objectiu de maximitzar el retorn d&#8217;inversió i assolir els objectius de màrqueting establerts. En acabar el curs, els participants estaran preparats per enfrontar els desafiaments del màrqueting digital i aprofitar al màxim les oportunitats que ofereixen Facebook i Instagram Ads.</p>

<p>El Curs de Facebook i Instagram Ads d&#8217;Euncet Business School està dissenyat per equipar els professionals amb les habilitats i els coneixements necessaris per crear, gestionar i optimitzar campanyes publicitàries en aquestes plataformes. A través d&#8217;una formació pràctica i actualitzada, els participants aprendran a utilitzar eines avançades com Meta Business Suite, comprenent en profunditat la [&hellip;]</p>

<!-- This site is optimized with the Yoast SEO plugin v27.5 - https://yoast.com/product/yoast-seo-wordpress/ -->
<title>Curs de Facebook i Instagram Ads</title>
<meta name="description" content="El Curs de Facebook i Instagram Ads d&#039;Euncet Business School està dissenyat per equipar els professionals amb les habilitats i els coneixements necessaris per crear, gestionar i optimitzar campanyes publicitàries en aquestes plataformes." />
<meta name="robots" content="noindex, follow" />
<meta property="og:locale" content="ca_ES" />
<meta property="og:type" content="article" />
<meta property="og:title" content="Curs de Facebook i Instagram Ads" />
<meta property="og:description" content="El Curs de Facebook i Instagram Ads d&#039;Euncet Business School està dissenyat per equipar els professionals amb les habilitats i els coneixements necessaris per crear, gestionar i optimitzar campanyes publicitàries en aquestes plataformes." />
<meta property="og:url" content="https://www.euncet.com/blog/ca/events/curs-de-facebook-i-instagram-ads/" />
<meta property="og:site_name" content="Euncet Business School" />
<meta property="article:publisher" content="https://www.facebook.com/euncet" />
<meta name="twitter:card" content="summary_large_image" />
<meta name="twitter:site" content="@euncet" />
<meta name="twitter:label1" content="Temps estimat de lectura" />
	<meta name="twitter:data1" content="1 minut" />
<script type="application/ld+json" class="yoast-schema-graph">{"@context":"https:\/\/schema.org","@graph":[{"@type":"WebPage","@id":"https:\/\/www.euncet.com\/blog\/ca\/events\/curs-de-facebook-i-instagram-ads\/","url":"https:\/\/www.euncet.com\/blog\/ca\/events\/curs-de-facebook-i-instagram-ads\/","name":"Curs de Facebook i Instagram Ads","isPartOf":{"@id":"https:\/\/www.euncet.com\/blog\/ca\/#website"},"datePublished":"2025-05-02T12:20:42+00:00","description":"El Curs de Facebook i Instagram Ads d'Euncet Business School està dissenyat per equipar els professionals amb les habilitats i els coneixements necessaris per crear, gestionar i optimitzar campanyes publicitàries en aquestes plataformes.","breadcrumb":{"@id":"https:\/\/www.euncet.com\/blog\/ca\/events\/curs-de-facebook-i-instagram-ads\/#breadcrumb"},"inLanguage":"ca","potentialAction":[{"@type":"ReadAction","target":["https:\/\/www.euncet.com\/blog\/ca\/events\/curs-de-facebook-i-instagram-ads\/"]}]},{"@type":"BreadcrumbList","@id":"https:\/\/www.euncet.com\/blog\/ca\/events\/curs-de-facebook-i-instagram-ads\/#breadcrumb","itemListElement":[{"@type":"ListItem","position":1,"name":"Portada","item":"https:\/\/www.euncet.com\/blog\/ca\/"},{"@type":"ListItem","position":2,"name":"Events","item":"https:\/\/www.euncet.com\/blog\/ca\/events\/"},{"@type":"ListItem","position":3,"name":"Curs de Facebook i Instagram Ads"}]},{"@type":"WebSite","@id":"https:\/\/www.euncet.com\/blog\/ca\/#website","url":"https:\/\/www.euncet.com\/blog\/ca\/","name":"Euncet Business School","description":"Escuela de negocios","potentialAction":[{"@type":"SearchAction","target":{"@type":"EntryPoint","urlTemplate":"https:\/\/www.euncet.com\/blog\/ca\/?s={search_term_string}"},"query-input":{"@type":"PropertyValueSpecification","valueRequired":true,"valueName":"search_term_string"}}],"inLanguage":"ca"}]}</script>
<!-- / Yoast SEO plugin. -->

El Curs de Facebook i Instagram Ads d'Euncet Business School està dissenyat per equipar els professionals amb les habilitats i els coneixements necessaris per crear, gestionar i optimitzar campanyes publicitàries en aquestes plataformes.
