{"id":65311,"date":"2025-09-24T11:46:27","date_gmt":"2025-09-24T09:46:27","guid":{"rendered":"https:\/\/www.euncet.com\/blog\/?post_type=mec-events&#038;p=65311"},"modified":"2025-09-24T11:46:27","modified_gmt":"2025-09-24T09:46:27","slug":"acte-de-graduacio-2026-2027","status":"publish","type":"mec-events","link":"https:\/\/www.euncet.com\/blog\/ca\/acte-de-graduacio-2026-2027\/","title":{"rendered":"Acte de graduaci\u00f3 2026-2027"},"content":{"rendered":"<p>Des d\u2019Euncet Business School tenim l\u2019honor d\u2019anunciar un dels moments m\u00e9s esperats de l\u2019any: la\u00a0<b>Cerim\u00f2nia de Graduaci\u00f3<\/b>. Un acte acad\u00e8mic \u00fanic que simbolitza el tancament d\u2019una etapa i l\u2019inici de noves oportunitats professionals i personals per als nostres estudiants.<\/p>\n<p><b>&#8211; Lloc<\/b>: L\u2019Auditori de Barcelona<br \/>\n<b>&#8211; Data<\/b>: 18 de juliol de 2026<br \/>\n<b>&#8211; Hora d\u2019inici<\/b>: 17.00 h<\/p>\n<p>Enguany, l\u2019Auditori acollir\u00e0 els graduats i graduades de\u00a0<b>graus universitaris<\/b>,\u00a0<b>m\u00e0sters universitaris<\/b>\u00a0i programes d\u2019<b>Executive Education<\/b>\u00a0que han finalitzat els seus estudis en el curs acad\u00e8mic 2025-2026.<\/p>\n<p>Ser\u00e0 una jornada emotiva, acompanyada de familiars, professorat i autoritats acad\u00e8miques, que servir\u00e0 de colof\u00f3 a la vostra traject\u00f2ria formativa.<\/p>\n<p>Esteu preparats per viure aquest dia tan especial? Us hi esperem!<\/p>\n","protected":false},"excerpt":{"rendered":"<p>Des d\u2019Euncet Business School tenim l\u2019honor d\u2019anunciar un dels moments m\u00e9s esperats de l\u2019any: la\u00a0Cerim\u00f2nia de Graduaci\u00f3. Un acte acad\u00e8mic \u00fanic que simbolitza el tancament d\u2019una etapa i l\u2019inici de noves oportunitats professionals i personals per als nostres estudiants. &#8211; Lloc: L\u2019Auditori de Barcelona &#8211; Data: 18 de juliol de 2026 &#8211; Hora d\u2019inici: 17.00 [&hellip;]<\/p>\n","protected":false},"author":28,"featured_media":65309,"comment_status":"open","ping_status":"closed","template":"","tags":[],"mec_category":[],"class_list":["post-65311","mec-events","type-mec-events","status-publish","has-post-thumbnail","hentry"],"acf":[],"yoast_head":"<!-- This site is optimized with the Yoast SEO plugin v27.5 - https:\/\/yoast.com\/product\/yoast-seo-wordpress\/ -->\n<title>Acte de graduaci\u00f3 2026-2027 - Euncet Business School<\/title>\n<meta name=\"description\" content=\"Des d\u2019Euncet Business School tenim l\u2019honor d\u2019anunciar un dels moments m\u00e9s esperats de l\u2019any: la\u00a0Cerim\u00f2nia de Graduaci\u00f3.\" \/>\n<meta name=\"robots\" content=\"noindex, follow\" \/>\n<meta property=\"og:locale\" content=\"ca_ES\" \/>\n<meta property=\"og:type\" content=\"article\" \/>\n<meta property=\"og:title\" content=\"Acte de graduaci\u00f3 2026-2027 - Euncet Business School\" \/>\n<meta property=\"og:description\" content=\"Des d\u2019Euncet Business School tenim l\u2019honor d\u2019anunciar un dels moments m\u00e9s esperats de l\u2019any: la\u00a0Cerim\u00f2nia de Graduaci\u00f3.\" \/>\n<meta property=\"og:url\" content=\"https:\/\/www.euncet.com\/blog\/ca\/acte-de-graduacio-2026-2027\/\" \/>\n<meta property=\"og:site_name\" content=\"Euncet Business School\" \/>\n<meta property=\"article:publisher\" content=\"https:\/\/www.facebook.com\/euncet\" \/>\n<meta property=\"og:image\" content=\"https:\/\/www.euncet.com\/blog\/wp-content\/uploads\/2025\/09\/Diseno-sin-titulo-49-1.jpg\" \/>\n\t<meta property=\"og:image:width\" content=\"1900\" \/>\n\t<meta property=\"og:image:height\" content=\"700\" \/>\n\t<meta property=\"og:image:type\" content=\"image\/jpeg\" \/>\n<meta name=\"twitter:card\" content=\"summary_large_image\" \/>\n<meta name=\"twitter:site\" content=\"@euncet\" \/>\n<meta name=\"twitter:label1\" content=\"Temps estimat de lectura\" \/>\n\t<meta name=\"twitter:data1\" content=\"1 minut\" \/>\n<script type=\"application\/ld+json\" class=\"yoast-schema-graph\">{\"@context\":\"https:\\\/\\\/schema.org\",\"@graph\":[{\"@type\":\"WebPage\",\"@id\":\"https:\\\/\\\/www.euncet.com\\\/blog\\\/ca\\\/acte-de-graduacio-2026-2027\\\/\",\"url\":\"https:\\\/\\\/www.euncet.com\\\/blog\\\/ca\\\/acte-de-graduacio-2026-2027\\\/\",\"name\":\"Acte de graduaci\u00f3 2026-2027 - Euncet Business School\",\"isPartOf\":{\"@id\":\"https:\\\/\\\/www.euncet.com\\\/blog\\\/ca\\\/#website\"},\"primaryImageOfPage\":{\"@id\":\"https:\\\/\\\/www.euncet.com\\\/blog\\\/ca\\\/acte-de-graduacio-2026-2027\\\/#primaryimage\"},\"image\":{\"@id\":\"https:\\\/\\\/www.euncet.com\\\/blog\\\/ca\\\/acte-de-graduacio-2026-2027\\\/#primaryimage\"},\"thumbnailUrl\":\"https:\\\/\\\/www.euncet.com\\\/blog\\\/wp-content\\\/uploads\\\/2025\\\/09\\\/Diseno-sin-titulo-49-1.jpg\",\"datePublished\":\"2025-09-24T09:46:27+00:00\",\"description\":\"Des d\u2019Euncet Business School tenim l\u2019honor d\u2019anunciar un dels moments m\u00e9s esperats de l\u2019any: la\u00a0Cerim\u00f2nia de Graduaci\u00f3.\",\"breadcrumb\":{\"@id\":\"https:\\\/\\\/www.euncet.com\\\/blog\\\/ca\\\/acte-de-graduacio-2026-2027\\\/#breadcrumb\"},\"inLanguage\":\"ca\",\"potentialAction\":[{\"@type\":\"ReadAction\",\"target\":[\"https:\\\/\\\/www.euncet.com\\\/blog\\\/ca\\\/acte-de-graduacio-2026-2027\\\/\"]}]},{\"@type\":\"ImageObject\",\"inLanguage\":\"ca\",\"@id\":\"https:\\\/\\\/www.euncet.com\\\/blog\\\/ca\\\/acte-de-graduacio-2026-2027\\\/#primaryimage\",\"url\":\"https:\\\/\\\/www.euncet.com\\\/blog\\\/wp-content\\\/uploads\\\/2025\\\/09\\\/Diseno-sin-titulo-49-1.jpg\",\"contentUrl\":\"https:\\\/\\\/www.euncet.com\\\/blog\\\/wp-content\\\/uploads\\\/2025\\\/09\\\/Diseno-sin-titulo-49-1.jpg\",\"width\":1900,\"height\":700},{\"@type\":\"BreadcrumbList\",\"@id\":\"https:\\\/\\\/www.euncet.com\\\/blog\\\/ca\\\/acte-de-graduacio-2026-2027\\\/#breadcrumb\",\"itemListElement\":[{\"@type\":\"ListItem\",\"position\":1,\"name\":\"Portada\",\"item\":\"https:\\\/\\\/www.euncet.com\\\/blog\\\/ca\\\/\"},{\"@type\":\"ListItem\",\"position\":2,\"name\":\"Events\",\"item\":\"https:\\\/\\\/www.euncet.com\\\/blog\\\/ca\\\/events\\\/\"},{\"@type\":\"ListItem\",\"position\":3,\"name\":\"Acte de graduaci\u00f3 2026-2027\"}]},{\"@type\":\"WebSite\",\"@id\":\"https:\\\/\\\/www.euncet.com\\\/blog\\\/ca\\\/#website\",\"url\":\"https:\\\/\\\/www.euncet.com\\\/blog\\\/ca\\\/\",\"name\":\"Euncet Business School\",\"description\":\"Escuela de negocios\",\"potentialAction\":[{\"@type\":\"SearchAction\",\"target\":{\"@type\":\"EntryPoint\",\"urlTemplate\":\"https:\\\/\\\/www.euncet.com\\\/blog\\\/ca\\\/?s={search_term_string}\"},\"query-input\":{\"@type\":\"PropertyValueSpecification\",\"valueRequired\":true,\"valueName\":\"search_term_string\"}}],\"inLanguage\":\"ca\"}]}<\/script>\n<!-- \/ Yoast SEO plugin. -->","yoast_head_json":{"title":"Acte de graduaci\u00f3 2026-2027 - Euncet Business School","description":"Des d\u2019Euncet Business School tenim l\u2019honor d\u2019anunciar un dels moments m\u00e9s esperats de l\u2019any: la\u00a0Cerim\u00f2nia de Graduaci\u00f3.","robots":{"index":"noindex","follow":"follow"},"og_locale":"ca_ES","og_type":"article","og_title":"Acte de graduaci\u00f3 2026-2027 - Euncet Business School","og_description":"Des d\u2019Euncet Business School tenim l\u2019honor d\u2019anunciar un dels moments m\u00e9s esperats de l\u2019any: la\u00a0Cerim\u00f2nia de Graduaci\u00f3.","og_url":"https:\/\/www.euncet.com\/blog\/ca\/acte-de-graduacio-2026-2027\/","og_site_name":"Euncet Business School","article_publisher":"https:\/\/www.facebook.com\/euncet","og_image":[{"width":1900,"height":700,"url":"https:\/\/www.euncet.com\/blog\/wp-content\/uploads\/2025\/09\/Diseno-sin-titulo-49-1.jpg","type":"image\/jpeg"}],"twitter_card":"summary_large_image","twitter_site":"@euncet","twitter_misc":{"Temps estimat de lectura":"1 minut"},"schema":{"@context":"https:\/\/schema.org","@graph":[{"@type":"WebPage","@id":"https:\/\/www.euncet.com\/blog\/ca\/acte-de-graduacio-2026-2027\/","url":"https:\/\/www.euncet.com\/blog\/ca\/acte-de-graduacio-2026-2027\/","name":"Acte de graduaci\u00f3 2026-2027 - Euncet Business School","isPartOf":{"@id":"https:\/\/www.euncet.com\/blog\/ca\/#website"},"primaryImageOfPage":{"@id":"https:\/\/www.euncet.com\/blog\/ca\/acte-de-graduacio-2026-2027\/#primaryimage"},"image":{"@id":"https:\/\/www.euncet.com\/blog\/ca\/acte-de-graduacio-2026-2027\/#primaryimage"},"thumbnailUrl":"https:\/\/www.euncet.com\/blog\/wp-content\/uploads\/2025\/09\/Diseno-sin-titulo-49-1.jpg","datePublished":"2025-09-24T09:46:27+00:00","description":"Des d\u2019Euncet Business School tenim l\u2019honor d\u2019anunciar un dels moments m\u00e9s esperats de l\u2019any: la\u00a0Cerim\u00f2nia de Graduaci\u00f3.","breadcrumb":{"@id":"https:\/\/www.euncet.com\/blog\/ca\/acte-de-graduacio-2026-2027\/#breadcrumb"},"inLanguage":"ca","potentialAction":[{"@type":"ReadAction","target":["https:\/\/www.euncet.com\/blog\/ca\/acte-de-graduacio-2026-2027\/"]}]},{"@type":"ImageObject","inLanguage":"ca","@id":"https:\/\/www.euncet.com\/blog\/ca\/acte-de-graduacio-2026-2027\/#primaryimage","url":"https:\/\/www.euncet.com\/blog\/wp-content\/uploads\/2025\/09\/Diseno-sin-titulo-49-1.jpg","contentUrl":"https:\/\/www.euncet.com\/blog\/wp-content\/uploads\/2025\/09\/Diseno-sin-titulo-49-1.jpg","width":1900,"height":700},{"@type":"BreadcrumbList","@id":"https:\/\/www.euncet.com\/blog\/ca\/acte-de-graduacio-2026-2027\/#breadcrumb","itemListElement":[{"@type":"ListItem","position":1,"name":"Portada","item":"https:\/\/www.euncet.com\/blog\/ca\/"},{"@type":"ListItem","position":2,"name":"Events","item":"https:\/\/www.euncet.com\/blog\/ca\/events\/"},{"@type":"ListItem","position":3,"name":"Acte de graduaci\u00f3 2026-2027"}]},{"@type":"WebSite","@id":"https:\/\/www.euncet.com\/blog\/ca\/#website","url":"https:\/\/www.euncet.com\/blog\/ca\/","name":"Euncet Business School","description":"Escuela de negocios","potentialAction":[{"@type":"SearchAction","target":{"@type":"EntryPoint","urlTemplate":"https:\/\/www.euncet.com\/blog\/ca\/?s={search_term_string}"},"query-input":{"@type":"PropertyValueSpecification","valueRequired":true,"valueName":"search_term_string"}}],"inLanguage":"ca"}]}},"_links":{"self":[{"href":"https:\/\/www.euncet.com\/blog\/ca\/wp-json\/wp\/v2\/mec-events\/65311","targetHints":{"allow":["GET"]}}],"collection":[{"href":"https:\/\/www.euncet.com\/blog\/ca\/wp-json\/wp\/v2\/mec-events"}],"about":[{"href":"https:\/\/www.euncet.com\/blog\/ca\/wp-json\/wp\/v2\/types\/mec-events"}],"author":[{"embeddable":true,"href":"https:\/\/www.euncet.com\/blog\/ca\/wp-json\/wp\/v2\/users\/28"}],"replies":[{"embeddable":true,"href":"https:\/\/www.euncet.com\/blog\/ca\/wp-json\/wp\/v2\/comments?post=65311"}],"version-history":[{"count":0,"href":"https:\/\/www.euncet.com\/blog\/ca\/wp-json\/wp\/v2\/mec-events\/65311\/revisions"}],"wp:featuredmedia":[{"embeddable":true,"href":"https:\/\/www.euncet.com\/blog\/ca\/wp-json\/wp\/v2\/media\/65309"}],"wp:attachment":[{"href":"https:\/\/www.euncet.com\/blog\/ca\/wp-json\/wp\/v2\/media?parent=65311"}],"wp:term":[{"taxonomy":"post_tag","embeddable":true,"href":"https:\/\/www.euncet.com\/blog\/ca\/wp-json\/wp\/v2\/tags?post=65311"},{"taxonomy":"mec_category","embeddable":true,"href":"https:\/\/www.euncet.com\/blog\/ca\/wp-json\/wp\/v2\/mec_category?post=65311"}],"curies":[{"name":"wp","href":"https:\/\/api.w.org\/{rel}","templated":true}]}}

Acte de graduació 2026-2027

<p>Des d’Euncet Business School tenim l’honor d’anunciar un dels moments més esperats de l’any: la <b>Cerimònia de Graduació</b>. Un acte acadèmic únic que simbolitza el tancament d’una etapa i l’inici de noves oportunitats professionals i personals per als nostres estudiants.</p>
<p><b>&#8211; Lloc</b>: L’Auditori de Barcelona<br />
<b>&#8211; Data</b>: 18 de juliol de 2026<br />
<b>&#8211; Hora d’inici</b>: 17.00 h</p>
<p>Enguany, l’Auditori acollirà els graduats i graduades de <b>graus universitaris</b>, <b>màsters universitaris</b> i programes d’<b>Executive Education</b> que han finalitzat els seus estudis en el curs acadèmic 2025-2026.</p>
<p>Serà una jornada emotiva, acompanyada de familiars, professorat i autoritats acadèmiques, que servirà de colofó a la vostra trajectòria formativa.</p>
<p>Esteu preparats per viure aquest dia tan especial? Us hi esperem!</p>

<p>Des d’Euncet Business School tenim l’honor d’anunciar un dels moments més esperats de l’any: la Cerimònia de Graduació. Un acte acadèmic únic que simbolitza el tancament d’una etapa i l’inici de noves oportunitats professionals i personals per als nostres estudiants. &#8211; Lloc: L’Auditori de Barcelona &#8211; Data: 18 de juliol de 2026 &#8211; Hora d’inici: 17.00 [&hellip;]</p>

<!-- This site is optimized with the Yoast SEO plugin v27.5 - https://yoast.com/product/yoast-seo-wordpress/ -->
<title>Acte de graduació 2026-2027 - Euncet Business School</title>
<meta name="description" content="Des d’Euncet Business School tenim l’honor d’anunciar un dels moments més esperats de l’any: la Cerimònia de Graduació." />
<meta name="robots" content="noindex, follow" />
<meta property="og:locale" content="ca_ES" />
<meta property="og:type" content="article" />
<meta property="og:title" content="Acte de graduació 2026-2027 - Euncet Business School" />
<meta property="og:description" content="Des d’Euncet Business School tenim l’honor d’anunciar un dels moments més esperats de l’any: la Cerimònia de Graduació." />
<meta property="og:url" content="https://www.euncet.com/blog/ca/acte-de-graduacio-2026-2027/" />
<meta property="og:site_name" content="Euncet Business School" />
<meta property="article:publisher" content="https://www.facebook.com/euncet" />
<meta property="og:image" content="https://www.euncet.com/blog/wp-content/uploads/2025/09/Diseno-sin-titulo-49-1.jpg" />
	<meta property="og:image:width" content="1900" />
	<meta property="og:image:height" content="700" />
	<meta property="og:image:type" content="image/jpeg" />
<meta name="twitter:card" content="summary_large_image" />
<meta name="twitter:site" content="@euncet" />
<meta name="twitter:label1" content="Temps estimat de lectura" />
	<meta name="twitter:data1" content="1 minut" />
<script type="application/ld+json" class="yoast-schema-graph">{"@context":"https:\/\/schema.org","@graph":[{"@type":"WebPage","@id":"https:\/\/www.euncet.com\/blog\/ca\/acte-de-graduacio-2026-2027\/","url":"https:\/\/www.euncet.com\/blog\/ca\/acte-de-graduacio-2026-2027\/","name":"Acte de graduació 2026-2027 - Euncet Business School","isPartOf":{"@id":"https:\/\/www.euncet.com\/blog\/ca\/#website"},"primaryImageOfPage":{"@id":"https:\/\/www.euncet.com\/blog\/ca\/acte-de-graduacio-2026-2027\/#primaryimage"},"image":{"@id":"https:\/\/www.euncet.com\/blog\/ca\/acte-de-graduacio-2026-2027\/#primaryimage"},"thumbnailUrl":"https:\/\/www.euncet.com\/blog\/wp-content\/uploads\/2025\/09\/Diseno-sin-titulo-49-1.jpg","datePublished":"2025-09-24T09:46:27+00:00","description":"Des d’Euncet Business School tenim l’honor d’anunciar un dels moments més esperats de l’any: la Cerimònia de Graduació.","breadcrumb":{"@id":"https:\/\/www.euncet.com\/blog\/ca\/acte-de-graduacio-2026-2027\/#breadcrumb"},"inLanguage":"ca","potentialAction":[{"@type":"ReadAction","target":["https:\/\/www.euncet.com\/blog\/ca\/acte-de-graduacio-2026-2027\/"]}]},{"@type":"ImageObject","inLanguage":"ca","@id":"https:\/\/www.euncet.com\/blog\/ca\/acte-de-graduacio-2026-2027\/#primaryimage","url":"https:\/\/www.euncet.com\/blog\/wp-content\/uploads\/2025\/09\/Diseno-sin-titulo-49-1.jpg","contentUrl":"https:\/\/www.euncet.com\/blog\/wp-content\/uploads\/2025\/09\/Diseno-sin-titulo-49-1.jpg","width":1900,"height":700},{"@type":"BreadcrumbList","@id":"https:\/\/www.euncet.com\/blog\/ca\/acte-de-graduacio-2026-2027\/#breadcrumb","itemListElement":[{"@type":"ListItem","position":1,"name":"Portada","item":"https:\/\/www.euncet.com\/blog\/ca\/"},{"@type":"ListItem","position":2,"name":"Events","item":"https:\/\/www.euncet.com\/blog\/ca\/events\/"},{"@type":"ListItem","position":3,"name":"Acte de graduació 2026-2027"}]},{"@type":"WebSite","@id":"https:\/\/www.euncet.com\/blog\/ca\/#website","url":"https:\/\/www.euncet.com\/blog\/ca\/","name":"Euncet Business School","description":"Escuela de negocios","potentialAction":[{"@type":"SearchAction","target":{"@type":"EntryPoint","urlTemplate":"https:\/\/www.euncet.com\/blog\/ca\/?s={search_term_string}"},"query-input":{"@type":"PropertyValueSpecification","valueRequired":true,"valueName":"search_term_string"}}],"inLanguage":"ca"}]}</script>
<!-- / Yoast SEO plugin. -->

Acte de graduació 2026-2027 - Euncet Business School

Des d’Euncet Business School tenim l’honor d’anunciar un dels moments més esperats de l’any: la Cerimònia de Graduació.
