{"id":64746,"date":"2025-05-02T13:40:07","date_gmt":"2025-05-02T11:40:07","guid":{"rendered":"https:\/\/blog.euncet.com\/?post_type=mec-events&#038;p=64746"},"modified":"2025-05-02T14:16:26","modified_gmt":"2025-05-02T12:16:26","slug":"curso-de-facebook-e-instagram-ads","status":"publish","type":"mec-events","link":"https:\/\/www.euncet.com\/blog\/es\/events\/curso-de-facebook-e-instagram-ads\/","title":{"rendered":"Curso de Facebook e Instagram Ads"},"content":{"rendered":"<p>El Curso de Facebook e Instagram Ads de Euncet Business School est\u00e1 dise\u00f1ado para equipar a los profesionales con las habilidades y conocimientos necesarios para crear, gestionar y optimizar campa\u00f1as publicitarias en estas plataformas. A trav\u00e9s de una formaci\u00f3n pr\u00e1ctica y actualizada, los participantes aprender\u00e1n a utilizar herramientas avanzadas como Meta Business Suite, comprendiendo en profundidad la segmentaci\u00f3n de audiencias, la creaci\u00f3n de contenido atractivo y la medici\u00f3n efectiva del rendimiento de las campa\u00f1as.<\/p>\n<p>Este programa se enfoca en capacitar a los estudiantes para mejorar sus campa\u00f1as publicitarias y aplicar las estrategias m\u00e1s eficientes con el objetivo de maximizar el retorno de inversi\u00f3n y alcanzar los objetivos de marketing establecidos. Al finalizar el curso, los participantes estar\u00e1n preparados para enfrentar los desaf\u00edos del marketing digital y aprovechar al m\u00e1ximo las oportunidades que ofrecen Facebook e Instagram Ads.<\/p>\n","protected":false},"excerpt":{"rendered":"<p>El Curso de Facebook e Instagram Ads de Euncet Business School est\u00e1 dise\u00f1ado para equipar a los profesionales con las habilidades y conocimientos necesarios para crear, gestionar y optimizar campa\u00f1as publicitarias en estas plataformas. A trav\u00e9s de una formaci\u00f3n pr\u00e1ctica y actualizada, los participantes aprender\u00e1n a utilizar herramientas avanzadas como Meta Business Suite, comprendiendo en [&hellip;]<\/p>\n","protected":false},"author":28,"featured_media":0,"comment_status":"open","ping_status":"closed","template":"","tags":[],"mec_category":[],"class_list":["post-64746","mec-events","type-mec-events","status-publish","hentry"],"acf":[],"yoast_head":"<!-- This site is optimized with the Yoast SEO plugin v27.5 - https:\/\/yoast.com\/product\/yoast-seo-wordpress\/ -->\n<title>Curso de Facebook e Instagram Ads - Euncet Business School<\/title>\n<meta name=\"description\" content=\"El Curso de Facebook e Instagram Ads de Euncet Business School est\u00e1 dise\u00f1ado para equipar a los profesionales con las habilidades y conocimientos necesarios para crear, gestionar y optimizar campa\u00f1as publicitarias en estas plataformas.\" \/>\n<meta name=\"robots\" content=\"noindex, follow\" \/>\n<meta property=\"og:locale\" content=\"es_ES\" \/>\n<meta property=\"og:type\" content=\"article\" \/>\n<meta property=\"og:title\" content=\"Curso de Facebook e Instagram Ads - Euncet Business School\" \/>\n<meta property=\"og:description\" content=\"El Curso de Facebook e Instagram Ads de Euncet Business School est\u00e1 dise\u00f1ado para equipar a los profesionales con las habilidades y conocimientos necesarios para crear, gestionar y optimizar campa\u00f1as publicitarias en estas plataformas.\" \/>\n<meta property=\"og:url\" content=\"https:\/\/www.euncet.com\/blog\/es\/events\/curso-de-facebook-e-instagram-ads\/\" \/>\n<meta property=\"og:site_name\" content=\"Euncet Business School\" \/>\n<meta property=\"article:publisher\" content=\"https:\/\/www.facebook.com\/euncet\" \/>\n<meta property=\"article:modified_time\" content=\"2025-05-02T12:16:26+00:00\" \/>\n<meta name=\"twitter:card\" content=\"summary_large_image\" \/>\n<meta name=\"twitter:site\" content=\"@euncet\" \/>\n<meta name=\"twitter:label1\" content=\"Tiempo de lectura\" \/>\n\t<meta name=\"twitter:data1\" content=\"1 minuto\" \/>\n<script type=\"application\/ld+json\" class=\"yoast-schema-graph\">{\"@context\":\"https:\\\/\\\/schema.org\",\"@graph\":[{\"@type\":\"WebPage\",\"@id\":\"https:\\\/\\\/www.euncet.com\\\/blog\\\/es\\\/events\\\/curso-de-facebook-e-instagram-ads\\\/\",\"url\":\"https:\\\/\\\/www.euncet.com\\\/blog\\\/es\\\/events\\\/curso-de-facebook-e-instagram-ads\\\/\",\"name\":\"Curso de Facebook e Instagram Ads - Euncet Business School\",\"isPartOf\":{\"@id\":\"https:\\\/\\\/www.euncet.com\\\/blog\\\/es\\\/#website\"},\"datePublished\":\"2025-05-02T11:40:07+00:00\",\"dateModified\":\"2025-05-02T12:16:26+00:00\",\"description\":\"El Curso de Facebook e Instagram Ads de Euncet Business School est\u00e1 dise\u00f1ado para equipar a los profesionales con las habilidades y conocimientos necesarios para crear, gestionar y optimizar campa\u00f1as publicitarias en estas plataformas.\",\"breadcrumb\":{\"@id\":\"https:\\\/\\\/www.euncet.com\\\/blog\\\/es\\\/events\\\/curso-de-facebook-e-instagram-ads\\\/#breadcrumb\"},\"inLanguage\":\"es\",\"potentialAction\":[{\"@type\":\"ReadAction\",\"target\":[\"https:\\\/\\\/www.euncet.com\\\/blog\\\/es\\\/events\\\/curso-de-facebook-e-instagram-ads\\\/\"]}]},{\"@type\":\"BreadcrumbList\",\"@id\":\"https:\\\/\\\/www.euncet.com\\\/blog\\\/es\\\/events\\\/curso-de-facebook-e-instagram-ads\\\/#breadcrumb\",\"itemListElement\":[{\"@type\":\"ListItem\",\"position\":1,\"name\":\"Portada\",\"item\":\"https:\\\/\\\/www.euncet.com\\\/blog\\\/es\\\/\"},{\"@type\":\"ListItem\",\"position\":2,\"name\":\"Eventos\",\"item\":\"https:\\\/\\\/www.euncet.com\\\/blog\\\/es\\\/events\\\/\"},{\"@type\":\"ListItem\",\"position\":3,\"name\":\"Curso de Facebook e Instagram Ads\"}]},{\"@type\":\"WebSite\",\"@id\":\"https:\\\/\\\/www.euncet.com\\\/blog\\\/es\\\/#website\",\"url\":\"https:\\\/\\\/www.euncet.com\\\/blog\\\/es\\\/\",\"name\":\"Euncet Business School\",\"description\":\"Escuela de negocios\",\"potentialAction\":[{\"@type\":\"SearchAction\",\"target\":{\"@type\":\"EntryPoint\",\"urlTemplate\":\"https:\\\/\\\/www.euncet.com\\\/blog\\\/es\\\/?s={search_term_string}\"},\"query-input\":{\"@type\":\"PropertyValueSpecification\",\"valueRequired\":true,\"valueName\":\"search_term_string\"}}],\"inLanguage\":\"es\"}]}<\/script>\n<!-- \/ Yoast SEO plugin. -->","yoast_head_json":{"title":"Curso de Facebook e Instagram Ads - Euncet Business School","description":"El Curso de Facebook e Instagram Ads de Euncet Business School est\u00e1 dise\u00f1ado para equipar a los profesionales con las habilidades y conocimientos necesarios para crear, gestionar y optimizar campa\u00f1as publicitarias en estas plataformas.","robots":{"index":"noindex","follow":"follow"},"og_locale":"es_ES","og_type":"article","og_title":"Curso de Facebook e Instagram Ads - Euncet Business School","og_description":"El Curso de Facebook e Instagram Ads de Euncet Business School est\u00e1 dise\u00f1ado para equipar a los profesionales con las habilidades y conocimientos necesarios para crear, gestionar y optimizar campa\u00f1as publicitarias en estas plataformas.","og_url":"https:\/\/www.euncet.com\/blog\/es\/events\/curso-de-facebook-e-instagram-ads\/","og_site_name":"Euncet Business School","article_publisher":"https:\/\/www.facebook.com\/euncet","article_modified_time":"2025-05-02T12:16:26+00:00","twitter_card":"summary_large_image","twitter_site":"@euncet","twitter_misc":{"Tiempo de lectura":"1 minuto"},"schema":{"@context":"https:\/\/schema.org","@graph":[{"@type":"WebPage","@id":"https:\/\/www.euncet.com\/blog\/es\/events\/curso-de-facebook-e-instagram-ads\/","url":"https:\/\/www.euncet.com\/blog\/es\/events\/curso-de-facebook-e-instagram-ads\/","name":"Curso de Facebook e Instagram Ads - Euncet Business School","isPartOf":{"@id":"https:\/\/www.euncet.com\/blog\/es\/#website"},"datePublished":"2025-05-02T11:40:07+00:00","dateModified":"2025-05-02T12:16:26+00:00","description":"El Curso de Facebook e Instagram Ads de Euncet Business School est\u00e1 dise\u00f1ado para equipar a los profesionales con las habilidades y conocimientos necesarios para crear, gestionar y optimizar campa\u00f1as publicitarias en estas plataformas.","breadcrumb":{"@id":"https:\/\/www.euncet.com\/blog\/es\/events\/curso-de-facebook-e-instagram-ads\/#breadcrumb"},"inLanguage":"es","potentialAction":[{"@type":"ReadAction","target":["https:\/\/www.euncet.com\/blog\/es\/events\/curso-de-facebook-e-instagram-ads\/"]}]},{"@type":"BreadcrumbList","@id":"https:\/\/www.euncet.com\/blog\/es\/events\/curso-de-facebook-e-instagram-ads\/#breadcrumb","itemListElement":[{"@type":"ListItem","position":1,"name":"Portada","item":"https:\/\/www.euncet.com\/blog\/es\/"},{"@type":"ListItem","position":2,"name":"Eventos","item":"https:\/\/www.euncet.com\/blog\/es\/events\/"},{"@type":"ListItem","position":3,"name":"Curso de Facebook e Instagram Ads"}]},{"@type":"WebSite","@id":"https:\/\/www.euncet.com\/blog\/es\/#website","url":"https:\/\/www.euncet.com\/blog\/es\/","name":"Euncet Business School","description":"Escuela de negocios","potentialAction":[{"@type":"SearchAction","target":{"@type":"EntryPoint","urlTemplate":"https:\/\/www.euncet.com\/blog\/es\/?s={search_term_string}"},"query-input":{"@type":"PropertyValueSpecification","valueRequired":true,"valueName":"search_term_string"}}],"inLanguage":"es"}]}},"_links":{"self":[{"href":"https:\/\/www.euncet.com\/blog\/es\/wp-json\/wp\/v2\/mec-events\/64746","targetHints":{"allow":["GET"]}}],"collection":[{"href":"https:\/\/www.euncet.com\/blog\/es\/wp-json\/wp\/v2\/mec-events"}],"about":[{"href":"https:\/\/www.euncet.com\/blog\/es\/wp-json\/wp\/v2\/types\/mec-events"}],"author":[{"embeddable":true,"href":"https:\/\/www.euncet.com\/blog\/es\/wp-json\/wp\/v2\/users\/28"}],"replies":[{"embeddable":true,"href":"https:\/\/www.euncet.com\/blog\/es\/wp-json\/wp\/v2\/comments?post=64746"}],"version-history":[{"count":0,"href":"https:\/\/www.euncet.com\/blog\/es\/wp-json\/wp\/v2\/mec-events\/64746\/revisions"}],"wp:attachment":[{"href":"https:\/\/www.euncet.com\/blog\/es\/wp-json\/wp\/v2\/media?parent=64746"}],"wp:term":[{"taxonomy":"post_tag","embeddable":true,"href":"https:\/\/www.euncet.com\/blog\/es\/wp-json\/wp\/v2\/tags?post=64746"},{"taxonomy":"mec_category","embeddable":true,"href":"https:\/\/www.euncet.com\/blog\/es\/wp-json\/wp\/v2\/mec_category?post=64746"}],"curies":[{"name":"wp","href":"https:\/\/api.w.org\/{rel}","templated":true}]}}

<p>El Curso de Facebook e Instagram Ads de Euncet Business School está diseñado para equipar a los profesionales con las habilidades y conocimientos necesarios para crear, gestionar y optimizar campañas publicitarias en estas plataformas. A través de una formación práctica y actualizada, los participantes aprenderán a utilizar herramientas avanzadas como Meta Business Suite, comprendiendo en profundidad la segmentación de audiencias, la creación de contenido atractivo y la medición efectiva del rendimiento de las campañas.</p>
<p>Este programa se enfoca en capacitar a los estudiantes para mejorar sus campañas publicitarias y aplicar las estrategias más eficientes con el objetivo de maximizar el retorno de inversión y alcanzar los objetivos de marketing establecidos. Al finalizar el curso, los participantes estarán preparados para enfrentar los desafíos del marketing digital y aprovechar al máximo las oportunidades que ofrecen Facebook e Instagram Ads.</p>

<p>El Curso de Facebook e Instagram Ads de Euncet Business School está diseñado para equipar a los profesionales con las habilidades y conocimientos necesarios para crear, gestionar y optimizar campañas publicitarias en estas plataformas. A través de una formación práctica y actualizada, los participantes aprenderán a utilizar herramientas avanzadas como Meta Business Suite, comprendiendo en [&hellip;]</p>

<!-- This site is optimized with the Yoast SEO plugin v27.5 - https://yoast.com/product/yoast-seo-wordpress/ -->
<title>Curso de Facebook e Instagram Ads - Euncet Business School</title>
<meta name="description" content="El Curso de Facebook e Instagram Ads de Euncet Business School está diseñado para equipar a los profesionales con las habilidades y conocimientos necesarios para crear, gestionar y optimizar campañas publicitarias en estas plataformas." />
<meta name="robots" content="noindex, follow" />
<meta property="og:locale" content="es_ES" />
<meta property="og:type" content="article" />
<meta property="og:title" content="Curso de Facebook e Instagram Ads - Euncet Business School" />
<meta property="og:description" content="El Curso de Facebook e Instagram Ads de Euncet Business School está diseñado para equipar a los profesionales con las habilidades y conocimientos necesarios para crear, gestionar y optimizar campañas publicitarias en estas plataformas." />
<meta property="og:url" content="https://www.euncet.com/blog/es/events/curso-de-facebook-e-instagram-ads/" />
<meta property="og:site_name" content="Euncet Business School" />
<meta property="article:publisher" content="https://www.facebook.com/euncet" />
<meta property="article:modified_time" content="2025-05-02T12:16:26+00:00" />
<meta name="twitter:card" content="summary_large_image" />
<meta name="twitter:site" content="@euncet" />
<meta name="twitter:label1" content="Tiempo de lectura" />
	<meta name="twitter:data1" content="1 minuto" />
<script type="application/ld+json" class="yoast-schema-graph">{"@context":"https:\/\/schema.org","@graph":[{"@type":"WebPage","@id":"https:\/\/www.euncet.com\/blog\/es\/events\/curso-de-facebook-e-instagram-ads\/","url":"https:\/\/www.euncet.com\/blog\/es\/events\/curso-de-facebook-e-instagram-ads\/","name":"Curso de Facebook e Instagram Ads - Euncet Business School","isPartOf":{"@id":"https:\/\/www.euncet.com\/blog\/es\/#website"},"datePublished":"2025-05-02T11:40:07+00:00","dateModified":"2025-05-02T12:16:26+00:00","description":"El Curso de Facebook e Instagram Ads de Euncet Business School está diseñado para equipar a los profesionales con las habilidades y conocimientos necesarios para crear, gestionar y optimizar campañas publicitarias en estas plataformas.","breadcrumb":{"@id":"https:\/\/www.euncet.com\/blog\/es\/events\/curso-de-facebook-e-instagram-ads\/#breadcrumb"},"inLanguage":"es","potentialAction":[{"@type":"ReadAction","target":["https:\/\/www.euncet.com\/blog\/es\/events\/curso-de-facebook-e-instagram-ads\/"]}]},{"@type":"BreadcrumbList","@id":"https:\/\/www.euncet.com\/blog\/es\/events\/curso-de-facebook-e-instagram-ads\/#breadcrumb","itemListElement":[{"@type":"ListItem","position":1,"name":"Portada","item":"https:\/\/www.euncet.com\/blog\/es\/"},{"@type":"ListItem","position":2,"name":"Eventos","item":"https:\/\/www.euncet.com\/blog\/es\/events\/"},{"@type":"ListItem","position":3,"name":"Curso de Facebook e Instagram Ads"}]},{"@type":"WebSite","@id":"https:\/\/www.euncet.com\/blog\/es\/#website","url":"https:\/\/www.euncet.com\/blog\/es\/","name":"Euncet Business School","description":"Escuela de negocios","potentialAction":[{"@type":"SearchAction","target":{"@type":"EntryPoint","urlTemplate":"https:\/\/www.euncet.com\/blog\/es\/?s={search_term_string}"},"query-input":{"@type":"PropertyValueSpecification","valueRequired":true,"valueName":"search_term_string"}}],"inLanguage":"es"}]}</script>
<!-- / Yoast SEO plugin. -->

El Curso de Facebook e Instagram Ads de Euncet Business School está diseñado para equipar a los profesionales con las habilidades y conocimientos necesarios para crear, gestionar y optimizar campañas publicitarias en estas plataformas.
